s digit of 30874987?
8
What is the ten thousands digit of 970434?
7
What is the hundreds digit of 4537857?
8
What is the thousands digit of 391250?
1
What is the thousands digit of 24143323?
3
What is the ten thousands digit of 528560?
2
What is the tens digit of 4235623?
2
What is the thousands digit of 5291262?
1
What is the hundred thousands digit of 2879424?
8
What is the tens digit of 3055173?
7
What is the hundreds digit of 10520300?
3
What is the ten thousands digit of 10857483?
5
What is the thousands digit of 175349?
5
What is the hundred thousands digit of 600820?
6
What is the units digit of 2943660?
0
What is the tens digit of 89383?
8
What is the hundred thousands digit of 368477?
3
What is the thousands digit of 5570586?
0
What is the hundred thousands digit of 385882?
3
What is the tens digit of 8911?
1
What is the thousands digit of 950635?
0
What is the tens digit of 561790?
9
What is the millions digit of 12549995?
2
What is the units digit of 7011041?
1
What is the thousands digit of 84504?
4
What is the tens digit of 380882?
8
What is the thousands digit of 13078745?
8
What is the millions digit of 22959043?
2
What is the ten thousands digit of 133746?
3
What is the tens digit of 1895434?
3
What is the thousands digit of 950900?
0
What is the hundred thousands digit of 469629?
4
What is the tens digit of 10264266?
6
What is the ten thousands digit of 1121125?
2
What is the hundred thousands digit of 2755260?
7
What is the thousands digit of 144695?
4
What is the millions digit of 6559526?
6
What is the millions digit of 2436015?
2
What is the hundreds digit of 1305036?
0
What is the units digit of 25798865?
5
What is the thousands digit of 30575315?
5
What is the thousands digit of 1516335?
6
What is the ten millions digit of 14481520?
1
What is the hundreds digit of 11500019?
0
What is the millions digit of 6578968?
6
What is the hundreds digit of 186354?
3
What is the hundred thousands digit of 1528258?
5
What is the tens digit of 998?
9
What is the units digit of 48996?
6
What is the tens digit of 168786?
8
What is the hundreds digit of 2806092?
0
What is the units digit of 336391?
1
What is the tens digit of 15390327?
2
What is the ten thousands digit of 2991555?
9
What is the hundred thousands digit of 1429599?
4
What is the millions digit of 1659027?
1
What is the tens digit of 5598728?
2
What is the millions digit of 7481468?
7
What is the hundred thousands digit of 1722181?
7
What is the units digit of 31649043?
3
What is the units digit of 17028335?
5
What is the tens digit of 7284668?
6
What is the tens digit of 308076?
7
What is the thousands digit of 1843779?
3
What is the tens digit of 7778203?
0
What is the millions digit of 5549806?
5
What is the thousands digit of 16467190?
7
What is the ten thousands digit of 8197481?
9
What is the thousands digit of 32725?
2
What is the tens digit of 607924?
2
What is the tens digit of 6608522?
2
What is the hundred thousands digit of 16439352?
4
What is the millions digit of 7713164?
7
What is the hundred thousands digit of 680218?
6
What is the ten thousands digit of 115968?
1
What is the tens digit of 32359?
5
What is the ten thousands digit of 125418?
2
What is the thousands digit of 867705?
7
What is the ten thousands digit of 130534?
3
What is the ten thousands digit of 2015165?
1
What is the hundreds digit of 619102?
1
What is the hundred thousands digit of 6196311?
1
What is the millions digit of 6825955?
6
What is the thousands digit of 8731336?
1
What is the tens digit of 1809074?
7
What is the thousands digit of 185279?
5
What is the thousands digit of 363751?
3
What is the ten thousands digit of 7181537?
8
What is the ten thousands digit of 912976?
1
What is the units digit of 57597?
7
What is the units digit of 1914421?
1
What is the thousands digit of 300162?
0
What is the hundreds digit of 80989?
9
What is the tens digit of 2093468?
6
What is the millions digit of 34751197?
4
What is the hundreds digit of 2162264?
2
What is the ten thousands digit of 126440?
2
What is the hundreds digit of 11261523?
5
What is the units digit of 4915607?
7
What is the ten millions digit of 12768274?
1
What is the hundred thousands digit of 19977739?
9
What is the units digit of 269809?
9
What is the ten thousands digit of 98422?
9
What is the hundred thousands digit of 14600391?
6
What is the hundred thousands digit of 1969579?
9
What is the tens digit of 2153593?
9
What is the tens digit of 5306252?
5
What is the hundreds digit of 19797?
7
What is the hundreds digit of 292845?
8
What is the thousands digit of 471220?
1
What is the ten thousands digit of 588945?
8
What is the hundreds digit of 119904?
9
What is the tens digit of 645134?
3
What is the tens digit of 196664?
6
What is the units digit of 227588?
8
What is the hundreds digit of 28823705?
7
What is the thousands digit of 595742?
5
What is the ten thousands digit of 1834361?
3
What is the hundreds digit of 529907?
9
What is the tens digit of 1549527?
2
What is the millions digit of 1062607?
1
What is the millions digit of 11533297?
1
What is the hundreds digit of 852343?
3
What is the thousands digit of 1143140?
3
What is the tens digit of 242679?
7
What is the millions digit of 5641042?
5
What is the tens digit of 335314?
1
What is the tens digit of 3320432?
3
What is the units digit of 1988099?
9
What is the hundred thousands digit of 3300432?
3
What is the hundreds digit of 124965?
9
What is the ten thousands digit of 2654960?
5
What is the hundred thousands digit of 1165117?
1
What is the ten thousands digit of 192724?
9
What is the units digit of 476169?
9
What is the thousands digit of 280621?
0
What is the hundreds digit of 1355207?
2
What is the hundreds digit of 2050625?
6
What is the tens digit of 41392?
9
What is the thousands digit of 13722374?
2
What is the thousands digit of 511869?
1
What is the thousands digit of 270898?
0
What is the hundreds digit of 893198?
1
What is the hundred thousands digit of 802255?
8
What is the units digit of 8454?
4
What is the thousands digit of 880387?
0
What is the ten thousands digit of 826792?
2
What is the hundreds digit of 2547936?
9
What is the thousands digit of 284375?
4
What is the tens digit of 378708?
0
What is the hundreds digit of 2926519?
5
What is the hundred thousands digit of 642141?
6
What is the hundreds digit of 311396?
3
What is the hundreds digit of 1434106?
1
What is the units digit of 806826?
6
What is the thousands digit of 999051?
9
What is the units digit of 798703?
3
What is the hundred thousands digit of 21733820?
7
What is the ten millions digit of 21231880?
2
What is the millions digit of 4347247?
4
What is the tens digit of 2874523?
2
What is the hundred thousands digit of 202438?
2
What is the hundreds digit of 196061?
0
What is the hundred thousands digit of 2304145?
3
What is the units digit of 1388234?
4
What is the units digit of 1031078?
8
What is the tens digit of 772577?
7
What is the ten thousands digit of 5000075?
0
What is the thousands digit of 199163?
9
What is the thousands digit of 23784?
3
What is the hundreds digit of 1226343?
3
What is the hundreds digit of 3933209?
2
What is the hundred thousands digit of 242923?
2
What is the ten thousands digit of 91229?
9
What is the thousands digit of 2647777?
7
What is the thousands digit of 318413?
8
What is the hundreds digit of 129513?
5
What is the units digit of 15243516?
6
What is the tens digit of 2561645?
4
What is the hundred thousands digit of 672156?
6
What is the ten millions digit of 11243461?
1
What is the units digit of 369678?
8
What is the thousands digit of 114974?
4
What is the units digit of 20686?
6
What is the units digit of 10681194?
4
What is the units digit of 139007?
7
What is the units digit of 3714885?
5
What is the ten thousands digit of 3392464?
9
What is the ten thousands digit of 182009?
8
What is the hundreds digit of 981136?
1
What is the hundreds digit of 1561726?
7
What is the ten thousands digit of 24593024?
9
What is the units digit of 5427916?
6
What is the ten thousands digit of 2035715?
3
What is the tens digit of 205669?
6
What is the hundreds digit of 13394017?
0
What is the tens digit of 586615?
1
What is the tens digit of 9615334?
3